emainder when 2504 is divided by 107.
43
Calculate the remainder when 14870 is divided by 1085.
765
What is the remainder when 4961 is divided by 217?
187
Calculate the remainder when 1545 is divided by 39.
24
Calculate the remainder when 6153 is divided by 1023.
15
What is the remainder when 860 is divided by 290?
280
Calculate the remainder when 2225 is divided by 690.
155
What is the remainder when 30486 is divided by 412?
410
What is the remainder when 8281 is divided by 296?
289
What is the remainder when 1683 is divided by 662?
359
Calculate the remainder when 36026 is divided by 18004.
18
Calculate the remainder when 7579 is divided by 48.
43
Calculate the remainder when 10718 is divided by 249.
11
What is the remainder when 972424 is divided by 401?
400
What is the remainder when 66862 is divided by 84?
82
What is the remainder when 1777 is divided by 492?
301
What is the remainder when 10981 is divided by 134?
127
Calculate the remainder when 13610 is divided by 239.
226
Calculate the remainder when 7289 is divided by 406.
387
Calculate the remainder when 9932 is divided by 900.
32
Calculate the remainder when 5866 is divided by 18.
16
What is the remainder when 3114 is divided by 613?
49
Calculate the remainder when 20940 is divided by 56.
52
What is the remainder when 55836 is divided by 16?
12
What is the remainder when 19752 is divided by 71?
14
Calculate the remainder when 4183 is divided by 127.
119
What is the remainder when 19597 is divided by 14?
11
Calculate the remainder when 2679 is divided by 374.
61
What is the remainder when 845184 is divided by 90?
84
What is the remainder when 19473 is divided by 182?
181
What is the remainder when 97207 is divided by 124?
115
Calculate the remainder when 1281 is divided by 288.
129
What is the remainder when 157556 is divided by 22?
14
What is the remainder when 97182 is divided by 6941?
8
What is the remainder when 48498 is divided by 41?
36
What is the remainder when 19466 is divided by 52?
18
What is the remainder when 646393 is divided by 58762?
11
Calculate the remainder when 31072 is divided by 566.
508
Calculate the remainder when 251645 is divided by 8.
5
What is the remainder when 751951 is divided by 98?
95
What is the remainder when 39703 is divided by 1104?
1063
Calculate the remainder when 82435 is divided by 384.
259
What is the remainder when 148369 is divided by 34?
27
Calculate the remainder when 45947 is divided by 15230.
257
Calculate the remainder when 14008 is divided by 452.
448
What is the remainder when 752 is divided by 63?
59
Calculate the remainder when 13403 is divided by 13375.
28
Calculate the remainder when 25914 is divided by 25873.
41
Calculate the remainder when 571829 is divided by 3713.
27
Calculate the remainder when 25213 is divided by 25178.
35
Calculate the remainder when 31739 is divided by 30.
29
Calculate the remainder when 462 is divided by 429.
33
Calculate the remainder when 8697 is divided by 148.
113
Calculate the remainder when 4680 is divided by 212.
16
What is the remainder when 2193 is divided by 721?
30
What is the remainder when 4317 is divided by 448?
285
Calculate the remainder when 5024 is divided by 2671.
2353
What is the remainder when 10602 is divided by 407?
20
What is the remainder when 6548 is divided by 129?
98
What is the remainder when 14746 is divided by 82?
68
Calculate the remainder when 16592 is divided by 759.
653
Calculate the remainder when 174759 is divided by 34.
33
Calculate the remainder when 140504 is divided by 125.
4
Calculate the remainder when 29790 is divided by 7.
5
Calculate the remainder when 177404 is divided by 177402.
2
Calculate the remainder when 2192 is divided by 2142.
50
What is the remainder when 3884 is divided by 12?
8
Calculate the remainder when 5562 is divided by 1094.
92
What is the remainder when 9547 is divided by 113?
55
Calculate the remainder when 20207 is divided by 20195.
12
What is the remainder when 3169 is divided by 1553?
63
Calculate the remainder when 4729 is divided by 1038.
577
Calculate the remainder when 1204 is divided by 153.
133
What is the remainder when 23312 is divided by 58?
54
What is the remainder when 11546 is divided by 64?
26
Calculate the remainder when 13618 is divided by 24.
10
Calculate the remainder when 5822 is divided by 1938.
8
Calculate the remainder when 40112 is divided by 18.
8
What is the remainder when 23379 is divided by 158?
153
What is the remainder when 1622104 is divided by 1516?
1500
What is the remainder when 128269 is divided by 127?
126
Calculate the remainder when 63860 is divided by 349.
342
What is the remainder when 3414 is divided by 383?
350
What is the remainder when 950704 is divided by 15?
4
Calculate the remainder when 14346 is divided by 41.
37
What is the remainder when 3479 is divided by 12?
11
What is the remainder when 16400 is divided by 170?
80
Calculate the remainder when 63103 is divided by 17.
16
Calculate the remainder when 4774 is divided by 4772.
2
What is the remainder when 219226 is divided by 16?
10
Calculate the remainder when 628977 is divided by 330.
327
What is the remainder when 16636 is divided by 5540?
16
Calculate the remainder when 22404 is divided by 34.
32
What is the remainder when 612702 is divided by 5621?
13
Calculate the remainder when 11110 is divided by 12.
10
Calculate the remainder when 6849 is divided by 156.
141
Calculate the remainder when 39154 is divided by 13050.
4
What is the remainder when 140675 is divided by 20095?
10
Calculate the remainder when 822 is divided by 816.
6
Calculate the remainder when 44515 is divided by 22251.
13
Calculate the remainder when 24351 is divided by 3043.
7
What is the remainder when 632 is divided by 301?
30
What is the remainder when 13254 is divided by 156?
150
Calculate the remainder when 152118 is divided by 6.
0
Calculate the remainder when 97087 is divided by 6934.
11
What is the remainder when 699129 is divided by 7?
4
What is the remainder when 36902 is divided by 1844?
22
What is the remainder when 1632860 is divided by 1168?
1164
Calculate the remainder when 4545 is divided by 19.
4
Calculate the remainder when 254872 is divided by 216.
208
Calculate the remainder when 49431 is divided by 296.
295
What is the remainder when 29610 is divided by 581?
560
What is the remainder when 3167 is divided by 463?
389
Calculate the remainder when 76670 is divided by 4509.
17
Calculate the remainder when 3029 is divided by 1511.
7
What is the remainder when 142341 is divided by 142339?
2
What is the remainder when 43011 is divided by 2?
1
What is the remainder when 443230 is divided by 76?
74
Calculate the remainder when 658 is divided by 168.
154
Calculate the remainder when 161231 is divided by 80610.
11
What is the remainder when 6236 is divided by 104?
100
What is the remainder when 17104 is divided by 5698?
10
Calculate the remainder when 14778 is divided by 14776.
2
Calculate the remainder when 717059 is divided by 222.
221
What is the remainder when 2550 is divided by 2102?
448
Calculate the remainder when 29191 is divided by 99.
85
What is the remainder when 41399 is divided by 52?
7
What is the remainder when 39659 is divided by 17?
15
Calculate the remainder when 3267 is divided by 330.
297
What is the remainder when 70422 is divided by 432?
6
What is the remainder when 532419 is divided by 7?
6
What is the remainder when 9344 is divided by 2273?
252
What is the remainder when 35011 is divided by 1747?
71
What is the remainder when 152348 is divided by 214?
194
Calculate the remainder when 8084 is divided by 299.
11
What is the remainder when 586391 is divided by 1348?
11
Calculate the remainder when 7197 is divided by 2822.
1553
What is the remainder when 3024 is divided by 3010?
14
What is the remainder when 27487 is divided by 27483?
4
Calculate the remainder when 503502 is divided by 72.
6
Calculate the remainder when 56594 is divided by 14137.
46
Calculate the remainder when 11607 is divided by 171.
150
Calculate the remainder when 1691 is divided by 154.
151
What is the remainder when 98372 is divided by 39?
14
What is the remainder when 71730 is divided by 14346?
0
Calculate the remainder when 2864 is divided by 1246.
372
What is t